12 a factor of 8455?
False
Is 7 a factor of 28462?
True
Is 3 a factor of 394?
False
Does 13 divide 2249?
True
Does 4 divide 438?
False
Is 15 a factor of 593?
False
Is 20 a factor of 3248?
False
Is 9 a factor of 612?
True
Is 1856 a multiple of 21?
False
Does 53 divide 1021?
False
Is 3 a factor of 171?
True
Is 261 a multiple of 6?
False
Is 17676 a multiple of 12?
True
Is 26 a factor of 364?
True
Is 2040 a multiple of 40?
True
Does 223 divide 27189?
False
Does 31 divide 1203?
False
Is 13 a factor of 17264?
True
Is 2961 a multiple of 28?
False
Does 7 divide 5408?
False
Does 6 divide 1404?
True
Is 770 a multiple of 26?
False
Is 12288 a multiple of 29?
False
Is 110 a factor of 10670?
True
Does 28 divide 2688?
True
Is 31 a factor of 897?
False
Does 10 divide 7490?
True
Is 10 a factor of 1640?
True
Does 25 divide 1136?
False
Is 71690 a multiple of 292?
False
Does 5 divide 7?
False
Is 22 a factor of 935?
False
Is 783 a multiple of 58?
False
Is 279 a multiple of 21?
False
Does 144 divide 2592?
True
Does 6 divide 64366?
False
Is 62 a factor of 64556?
False
Is 2609 a multiple of 10?
False
Is 259 a multiple of 7?
True
Does 12 divide 74681?
False
Is 480 a multiple of 29?
False
Is 22 a factor of 1873?
False
Is 2655 a multiple of 7?
False
Is 80 a factor of 926?
False
Is 3286 a multiple of 62?
True
Is 36 a factor of 144?
True
Is 1264 a multiple of 8?
True
Does 10 divide 586?
False
Is 5 a factor of 95?
True
Is 20878 a multiple of 146?
True
Is 9128 a multiple of 14?
True
Is 1710 a multiple of 18?
True
Does 15 divide 21555?
True
Is 17 a factor of 1530?
True
Does 6 divide 511?
False
Is 5 a factor of 1486?
False
Does 66 divide 1638?
False
Does 55 divide 11880?
True
Does 23 divide 421?
False
Is 5 a factor of 1335?
True
Is 4989 a multiple of 45?
False
Is 10 a factor of 2930?
True
Does 164 divide 32613?
False
Does 22 divide 4775?
False
Is 11 a factor of 1703?
False
Is 172 a multiple of 11?
False
Is 289 a multiple of 72?
False
Does 17 divide 2703?
True
Is 9 a factor of 2619?
True
Is 12 a factor of 24537?
False
Does 6 divide 1348?
False
Does 33 divide 21351?
True
Is 5 a factor of 3820?
True
Does 22 divide 14916?
True
Does 52 divide 15652?
True
Is 7 a factor of 535?
False
Is 19 a factor of 49438?
True
Is 9945 a multiple of 51?
True
Is 389 a multiple of 9?
False
Is 70 a factor of 6580?
True
Is 612 a multiple of 19?
False
Is 5824 a multiple of 56?
True
Is 4 a factor of 24284?
True
Is 556 a multiple of 15?
False
Does 44 divide 647?
False
Is 8 a factor of 20424?
True
Does 14 divide 124?
False
Is 111 a factor of 111?
True
Does 3 divide 401?
False
Is 16 a factor of 13552?
True
Is 816 a multiple of 2?
True
Is 28 a factor of 8512?
True
Does 2 divide 8620?
True
Does 104 divide 312?
True
Does 357 divide 60460?
False
Does 11 divide 517?
True
Is 56 a factor of 5885?
False
Is 10 a factor of 1200?
True
Is 2315 a multiple of 8?
False
Is 66 a factor of 30888?
True
Does 67 divide 11746?
False
Does 5 divide 740?
True
Does 92 divide 28704?
True
Is 225 a multiple of 45?
True
Does 110 divide 590?
False
Is 14 a factor of 22797?
False
Is 16805 a multiple of 157?
False
Does 31 divide 2294?
True
Does 190 divide 28880?
True
Is 238 a multiple of 11?
False
Is 29032 a multiple of 8?
True
Is 523 a multiple of 13?
False
Does 8 divide 2312?
True
Does 7 divide 38?
False
Is 51 a factor of 1268?
False
Does 16 divide 96?
True
Is 1573 a multiple of 14?
False
Does 17 divide 21816?
False
Is 663 a multiple of 5?
False
Is 38 a factor of 6916?
True
Does 88 divide 1232?
True
Is 8775 a multiple of 25?
True
Is 648 a multiple of 54?
True
Is 1323 a multiple of 7?
True
Does 17 divide 578?
True
Does 14 divide 32?
False
Does 12 divide 1452?
True
Is 4 a factor of 11?
False
Is 4830 a multiple of 15?
True
Is 54 a multiple of 54?
True
Does 18 divide 450?
True
Does 20 divide 100?
True
Is 23 a factor of 14030?
True
Is 4536 a multiple of 63?
True
Is 32398 a multiple of 24?
False
Is 2196 a multiple of 18?
True
Does 16 divide 4479?
False
Does 74 divide 1895?
False
Is 3 a factor of 1329?
True
Does 47 divide 50373?
False
Is 2700 a multiple of 26?
False
Is 611 a multiple of 47?
True
Is 7 a factor of 6897?
False
Is 5 a factor of 805?
True
Is 1344 a multiple of 21?
True
Does 478 divide 171602?
True
Is 18 a factor of 396?
True
Is 218 a factor of 38471?
False
Is 142451 a multiple of 56?
False
Is 194 a factor of 9312?
True
Is 26382 a multiple of 38?
False
Does 3 divide 6486?
True
Is 25 a factor of 3423?
False
Is 636 a multiple of 3?
True
Is 9288 a multiple of 74?
False
Does 10 divide 88?
False
Is 42 a factor of 1722?
True
Is 230 a factor of 3680?
True
Does 43 divide 1290?
True
Is 24 a factor of 1128?
True
Is 15 a factor of 3195?
True
Is 14 a factor of 812?
True
Does 7 divide 714?
True
Does 26 divide 546?
True
Is 37 a factor of 35742?
True
Is 19 a factor of 25758?
False
Does 133 divide 41750?
False
Does 36 divide 7920?
True
Is 27 a factor of 5715?
False
Is 21730 a multiple of 65?
False
Is 29473 a multiple of 52?
False
Does 94 divide 36096?
True
Is 1170 a multiple of 29?
False
Is 274 a multiple of 5?
False
Is 27 a factor of 4158?
True
Does 37 divide 2532?
False
Is 329 a multiple of 7?
True
Is 10080 a multiple of 40?
True
Does 28 divide 336?
True
Does 34 divide 1936?
False
Is 12 a factor of 120?
True
Does 2 divide 7506?
True
Is 7839 a multiple of 13?
True
Is 20 a factor of 14480?
True
Is 2931 a multiple of 26?
False
Does 51 divide 1275?
True
Is 93 a factor of 26970?
True
Is 80195 a multiple of 19?
False
Does 17 divide 459?
True
Does 2 divide 29?
False
Is 713 a multiple of 8?
False
Does 43 divide 1677?
True
Is 11 a factor of 660?
True
Is 1124 a multiple of 48?
False
Is 88 a factor of 908?
False
Is 306 a multiple of 153?
True
Is 1273 a multiple of 49?
False
Is 3 a factor of 49?
False
Is 38 a factor of 14934?
True
Is 1853 a multiple of 13?
False
Does 13 divide 1075?
False
Is 40657 a multiple of 289?
False
Does 133 divide 4251?
False
Is 1125 a multiple of 15?
True
Is 829 a multiple of 32?
False
Is 542 a multiple of 2?
True
Is 17 a factor of 15436?
True
Does 3 divide 409?
False
Does 9 divide 441?
True
Is 73 a factor of 2555?
True
Is 14380 a multiple of 5?
True
Is 258 a factor of 16254?
True
Is 44 a multiple of 22?
True
Is 3705 a multiple of 39?
True
Is 4739 a multiple of 158?
False
Is 107 a multiple of 26?
False
Is 155360 a multiple of 36?
False
Is 96 a factor of 3529?
False
Is 6 a factor of 288?
True
Does 25 divide 53475?
True
Does 3 divide 1205?
False
Does 69 divide 5865?
True
Is 251 a multiple of 19?
False
Does 27 divide 351?
True
Does 80 divide 23574?
False
Is 1558 a multiple of 38?
True
Is 71 a multiple of 31?
False
Is 51 a factor of 963?
False
Does 31 divide 930?
True
Is 40 a multiple of 20?
True
Is 32938 a multiple of 9?
False
Does 2 divide 531?
False
Is 25232 a multiple of 166?
True
Is 12 a factor of 538?
False
Does 5 divide 160?
True
Is 12 a factor of 8153?
False
Is 12 a factor of 2019?
False
Is 962 a multiple of 23?
False
Is 63470 a multiple of 13?
False
Is 4 a factor of 331?
False
Is 9216 a multiple of 64?
True
Is 12 a factor of 4356?
True
Does 15 divide 16480?
False
Does 32 divide 20042?
False
Is 9 a factor of 1890?
True
Is 130 a multiple of 5?
True
Is 2653 a multiple of 28?
False
Does 32 divide 2592?
True
Is 14140 a multiple of 11?
False
Is 59506 a multiple of 13?
False
Is 282 a multiple of 8?
False
Is 10 a factor of 660?
True
Does 64 divide 41472?
True
Does 44 divide 1316?
False
Is 19 a factor of 1045?
True
Is 13 a factor of 689?
True
Does 3 divide 63?
True
Does 11 divide 445?
False
Does 6 divide 200?
False
Does 4 divide 1678?
False
Is 8 a factor of 1984?
True
Does 7 divide 5523?
True
Is 5 a factor of 137?
False
Is 11798 a multiple of 49?
False
Is 43 a factor of 4299?
False
Is 73 a factor of 4526?
True
Is 31 a factor of 95604?
True
Does 46 divide 13948?
False
Is 1216 a multiple of 38?
True
Is 5 a factor of 618?
False
Does 46 divide 4048?
True
Is 100090 a multiple of 10?
True
Does 5 divide 449?
False
Is 70200 a multiple of 50?
True
Does 13 divide 1198?
False
Is 5 a factor of 174?
False
Is 593 a multiple of 45?
False
Is 2 a factor of 2240?
True
Is 12584 a multiple of 52?
True
Is 39 a factor of 11193?
True
Is 25534 a multiple of 34?
True
Is 12 a factor of 21?
False
Is 63 a factor of 14910?
False
Is 42532 a multiple of 22?
False
